r when 133 is divided by p.
13
Suppose 5*k = 15, -6 - 5 = 2*h + k. Let g(o) = o**3 + 4*o**2 - 2 - 2*o**2 + 4*o**2 - 10*o. Calculate the remainder when 33 is divided by g(h).
14
Let i(k) = -k**2 + k + 12. Suppose 3*g - 16 = -88. Let c be 6/g - 2/(-8). What is the remainder when 39 is divided by i(c)?
3
Let x = 386 - 241. Let g = x + -118. Calculate the remainder when 134 is divided by g.
26
Suppose -u + 572 = q, -4173 = -11*u + 3*q + 2217. Calculate the remainder when 1740 is divided by u.
3
Let q(d) = -9*d**2 + 26*d + 6. Let x be q(3). Suppose -x*v + 4*v + 712 = 4*j, -3*j = -5*v - 551. What is the remainder when j is divided by 30?
27
Calculate the remainder when (-9 + 12)*82/3 is divided by 14.
12
Let g(p) = 4*p + 117. Let h be g(-29). Calculate the remainder when 85 is divided by (h/3)/((-262)/132 + 2).
19
Suppose -76*j + 162*j = -73*j + 9222. Calculate the remainder when j is divided by 19.
1
Let f(w) = -5*w**3 - 33 - 1382*w - 1367*w - 6*w**2 + 4*w**3 + 2739*w. What is the remainder when f(-6) is divided by 8?
3
Let z(t) = 233*t + 1957. Calculate the remainder when 1671 is divided by z(-8).
90
Let k = -1728 - -1739. What is the remainder when k is divided by 15/10 + (-6)/(-4)?
2
Let p = -39 + 74. Let i(f) = -5 + 6 + 4 + p*f. Calculate the remainder when 117 is divided by i(1).
37
Suppose -4*f + 2 = 2*l - 20, -3*f + 13 = -2*l. Suppose -21 = o - f*b + 4, 2*b = -4*o - 34. Calculate the remainder when o/(-7)*42/6 is divided by 7.
3
Suppose 7268 + 7816 = 12*j. Calculate the remainder when 21/49 - j/(-7) is divided by 17.
10
Let t = -2850 + 3019. Calculate the remainder when t is divided by 65.
39
Suppose -32*v + 39*v = 497. Suppose -5*y + 5*q = -155, 5*y + 2*q - v = 77. What is the remainder when 55 is divided by y?
25
Let k = 15 + -162. Let a = k + 194. Calculate the remainder when a is divided by 10.
7
Suppose f + 56 = -5*a, f + 0*f + 56 = a. Let m be f/21*(-3)/2. Suppose -y = m*y - 255. Calculate the remainder when y is divided by 18.
15
What is the remainder when 3710/6 + (-240)/(-144) is divided by 138?
68
Let r(k) = -3*k + 18. Suppose 16*l = 12*l + 708. What is the remainder when l is divided by r(-4)?
27
Let i(z) = 21*z**3 - 5*z**2 - 22*z + 26. Calculate the remainder when 281 is divided by i(2).
21
Let z(b) = b**3 - 4*b**2 + 2*b + 4. Let o = 331 + -193. Calculate the remainder when 1*o*4/12 is divided by z(4).
10
Suppose -o = 3*y - 70, y + 4*o + 8 - 35 = 0. What is the remainder when (-9)/(45/40) + (-15 - (15 + -147)) is divided by y?
17
Suppose 0 = 2*k + 5*s - 2093, -s = -13*k + 7628 + 6010. What is the remainder when k is divided by 331?
56
Let i(c) = 5*c + 96. Let l(q) = -4*q - 94. Let s(g) = -5*i(g) - 6*l(g). What is the remainder when s(20) is divided by 24?
16
Let w = 0 - 5. Let u = 21 + -16. Calculate the remainder when 6/w*175/(-14) + 4 is divided by u.
4
Let h(c) = c**2 + 416*c + 43535. Let u = 103 + -64. Calculate the remainder when h(-207) is divided by u.
38
Let s(n) = 3*n**2 - 311*n + 2882. What is the remainder when 2626 is divided by s(10)?
34
Let n = 21596 + -21381. Calculate the remainder when n is divided by 64.
23
Let f = 232 + -96. Calculate the remainder when 16/f + (-882)/(-17) is divided by 38.
14
Let h = 4353 - 2145. Calculate the remainder when h is divided by 5.
3
Let z(a) = 3*a**2 + 17*a + 17. Let h(s) = 4*s**2 - 10*s - 478. What is the remainder when h(-12) is divided by z(-8)?
72
Let z(u) = -269*u + 3697. What is the remainder when z(13) is divided by 63?
11
Let b(t) = -499*t - 2835. Calculate the remainder when 432 is divided by b(-6).
114
Let q = 15702 + -15262. Calculate the remainder when q is divided by 97.
52
Suppose 3*t + 186 = 2*u + 293, -5*t - 4*u + 149 = 0. Calculate the remainder when 9701 is divided by t.
32
What is the remainder when ((-1)/1*1)/(21*6/(-355572)) is divided by 113?
110
Suppose -2*x + 223 = 6*b - 9*b, -5*b = 15. Suppose -x + 203 = 3*i. Suppose -l = -3*l - k + 14, 5*l - k - 49 = 0. Calculate the remainder when i is divided by l.
5
Let m(n) = 4*n**2. Let b(d) be the first derivative of d**3 + d**2/2 - 32*d + 28. What is the remainder when b(-6) is divided by m(-3)?
34
Let k be ((-2)/(-3))/((-12)/(-36)). Let n(t) = t**2 - 6*t + 17. Calculate the remainder when 142 is divided by n(k).
7
Let y = -20 + 5. Suppose -2*q + 91 - 53 = 0. What is the remainder when (-2)/10 - 348/y is divided by q?
4
Let l(n) = 19359*n + 116440. Suppose -b = 3*b + 3*o - 75, -o + 19 = b. What is the remainder when l(-6) is divided by b?
16
Let y = 72 - 35. What is the remainder when y is divided by -9*(-12)/(-162)*162/(-4)?
10
Suppose 5*d - 186*t = -189*t + 243, -4*d + 188 = 4*t. What is the remainder when 2649 is divided by d?
48
Let w be (-14)/(-4)*25*(-12)/(-30). Let c(h) = -h**3 - 8*h**2 + h. Let t be c(-8). Let z = w - t. Calculate the remainder when z is divided by 23.
20
Let y = 92 - 143. Calculate the remainder when -1 - ((y - 1) + 1) is divided by 4.
2
Let x(l) = 2*l**3 - 6*l**2 - 6*l + 142. What is the remainder when x(9) is divided by 14?
10
Suppose -3 = -3*z, 34*q - 29*q + 3*z - 373 = 0. Calculate the remainder when 465 is divided by q.
21
Let d be ((-2)/5)/(1/1260). Let t = -496 - d. Calculate the remainder when 89 is divided by t.
1
Let x(n) = 4*n + 48. Let l = 269 + -275. What is the remainder when x(l) is divided by 19?
5
Suppose -381*s + 372*s = -711. Suppose -x - 2*x + 1161 = 5*u, -3*x + u = -1179. What is the remainder when x is divided by s?
76
Calculate the remainder when 421 is divided by 27125/589 + (-6)/114 + (0 - -1).
45
Let p(v) = 82*v**2 + 3*v + 6. What is the remainder when p(4) is divided by 12?
10
Let o(n) = 66*n - 1159. What is the remainder when 96 is divided by o(18)?
9
Let r = 15536 + -15514. Calculate the remainder when 231 is divided by r.
11
Let i = 100 - 98. Suppose 75 = n - i*j, -4 + 19 = 5*j. Let x = 96 - n. Calculate the remainder when 40 is divided by x.
10
Let r(p) = 3*p**3 - 6*p**2 - 19*p + 46. Let x be r(6). Suppose 0 = -43*t + 30*t + x. Calculate the remainder when 727 is divided by t.
27
Let o = 6775 - 6740. Calculate the remainder when 551 is divided by o.
26
Calculate the remainder when 27808 is divided by (54/8 + (-165)/(-220))*2.
13
Let g be (-1490)/((2/(-3))/(6/(-18))). Let d = g - -786. Calculate the remainder when 285 is divided by d.
39
Suppose -w - 352 = -12*w. Suppose -8*v - 5*v = -3*v - 170. Calculate the remainder when w is divided by v.
15
Let w(y) = 4*y**2 + 5*y - 2. Let x(d) = 319*d + 21567. What is the remainder when x(-67) is divided by w(3)?
47
Let t(o) be the second derivative of -13*o**3/6 - 79*o**2/2 + 160*o. Calculate the remainder when t(-7) is divided by (-7 - 0)*-1*1.
5
Let p be -61 + 3 + (8 - (-3 + 7)). Suppose 4*g = 2*b - 7*b - 299, 0 = b - 3*g + 75. What is the remainder when b/(-2)*(-36)/p is divided by 11?
10
Let u(a) = a**2 + 16*a - 66. Let w be u(-20). What is the remainder when 32 is divided by (-35)/7 + w + 1?
2
Let x be ((-4)/(-6))/((-4)/72). Let v = -7 - x. Suppose 2*s + 329 = v*s - l, -93 = -s - 3*l. Calculate the remainder when s is divided by 37.
34
Let t = 1856 + -1047. Let h = t + -800. What is the remainder when 89 is divided by h?
8
Let i = 15 + 10. Suppose -5*s + 0 = -i, -j + 137 = 4*s. What is the remainder when j is divided by (-34)/(-1) - (81 + -71)?
21
Suppose 0 = 2*r - 22 - 34. Let m be (12/(-48))/((-3)/24). Calculate the remainder when r is divided by (132/99)/(m*2/36).
4
Suppose v = -c + 171, -4*c = -5*v - 713 - 25. What is the remainder when c is divided by 22?
1
Let g(b) = -b**3 + 18*b**2 + 19*b + 15. Let c be g(19). Let w(z) = 11*z - 1. Let y be w(-1). Calculate the remainder when 2 is divided by (-1)/4 - c/y.
0
Let v(o) = o + 6. Let t be v(0). Suppose t*c - 2*c - 32 = -4*z, 3*c - 3*z - 12 = 0. Suppose -51*n = -80*n + 348. Calculate the remainder when n is divided by c.
0
Let u(a) = -a**3 - 10*a**2 - 29*a + 3. Let i be u(-7). Let v = 64 - i. What is the remainder when 29 is divided by v?
4
Suppose -26*p + 1294 = -682. Suppose 8*j = 2303 + 113. What is the remainder when j is divided by p?
74
Suppose 1555 = 443*j - 132*j. Calculate the remainder when 7838 is divided by j.
3
What is the remainder when 469 is divided by (488/(-14))/((-5)/35)?
225
Let a be (624/(-9))/(-13)*-3. Calculate the remainder when 8/a*16 